 s*i = -425. Calculate the remainder when p is divided by 37.
34
Suppose 1153*m = 1143*m + 890. Calculate the remainder when m is divided by 26.
11
Let u(k) = k + 2. Let x(z) = -10 + 34*z + 0 - 46*z - z**2. What is the remainder when x(-8) is divided by u(6)?
6
Suppose 47 = b + 16. Calculate the remainder when 90 + (-6)/(30/(-5)) is divided by b.
29
Calculate the remainder when 5 + -6 + -6 - -1 - -122 is divided by 93.
23
Suppose 4*y - 20 = 0, -a = 3*a - 4*y - 16. Let p = a - 0. Suppose 0 = c + 2*q + 5, 0 = 5*c + q - 8 - 3. What is the remainder when p is divided by c?
0
Let f(n) = -2*n - 14. Let o be f(5). Let c = o - -37. Let m(w) = -w**3 + w + 51. Calculate the remainder when m(0) is divided by c.
12
Suppose 5*o + 0*j - 27 = -3*j, -4*o + 20 = 2*j. Suppose c + b + 80 = o*c, 4*b - 226 = -5*c. Calculate the remainder when 164 is divided by c.
38
Suppose 31 = 5*z - 64. Suppose -2*g = -n + 60, -n + 5*g + 38 + 31 = 0. Calculate the remainder when n is divided by z.
16
Let h(m) = -11*m + 15. Suppose -3*o = 2*a + 1 + 7, 0 = 5*o. What is the remainder when 173 is divided by h(a)?
55
Suppose s = 3*o + 2, 0 = 2*s + 2*o - 12 - 0. Suppose 0 = 4*j + s + 3, -2*r - 3*j = 38. Calculate the remainder when -3*(r/4 - 25) is divided by 15.
12
Let j be 8*(1/(-2) - -1). Suppose 0 = 5*o - 4*g - 138, g + j*g = 5*o - 140. Calculate the remainder when 74 is divided by o.
22
Suppose 0 = -5*k - 10, s + 536*k = 541*k + 2227. What is the remainder when s is divided by 20?
17
Suppose -5*u - 7*a + 332 = -6*a, -a = u - 64. What is the remainder when u is divided by 23?
21
Let t = 99 + -178. Let c = -50 - t. Calculate the remainder when c is divided by 11.
7
Suppose -3*k + 0*k - 39 = -5*q, 5*k - 10 = 0. Suppose -16*y + 71 = -q. What is the remainder when 13 is divided by y?
3
Let o(f) = -13*f - 1. Let h be o(2). Let q = -2 - h. Suppose -2*c + 150 = 2*i, 2*c + 3*c = 10. What is the remainder when i is divided by q?
23
Suppose -i - 11 = -a + 16, 0 = 4*a + 3*i - 101. Calculate the remainder when (-64)/480 + 3094/30 is divided by a.
25
Let a = 29 + -23. Let y be (-40)/a + 16/24. Let b = 22 + y. What is the remainder when 62 is divided by b?
14
Let t(d) = -d**2 + 6*d - 2. Let z be t(5). Suppose -4*j = -2*p - 124, 17 + 0 = j + z*p. Calculate the remainder when 690/8 - 2/8 is divided by j.
28
Let z be 2/(-14) + (-57)/(-7). Let x(l) = 2*l - 13. Calculate the remainder when 7 is divided by x(z).
1
Let u = -66 + 142. What is the remainder when u is divided by (-1 + 14/(-4))*338/(-39)?
37
Suppose 7*v - 2*v = 20. Let b be v/(-6) - 16/(-6). What is the remainder when 18 is divided by (-105)/(-10) + b/4?
7
Suppose -3 = -3*l + 3*i, -6 + 4 = i. Let q(z) = -3*z**3 + z**2 - 2*z - 1. What is the remainder when q(l) is divided by 2?
1
Suppose 5*l - l - 16 = 0. Suppose i = -l*i + 20. Let d(x) = 2*x**2 + 9. What is the remainder when d(i) is divided by 14?
13
Calculate the remainder when -6*(10 - (-338)/(-4)) is divided by 75.
72
Suppose 5 = 3*t - 7. Suppose -2 + 42 = t*g. Let w = 23 - g. Calculate the remainder when w is divided by 3.
1
Suppose 0 = -2*v - 2*v + 532. What is the remainder when v is divided by 17?
14
Suppose i - 13 = -m, 30 = 4*m - 2*i - 10. Let a(c) = 8*c - 13. Calculate the remainder when a(m) is divided by 19.
18
Let p(b) = b**3 - 11*b**2 - 14*b + 28. Let x be p(12). Suppose -g = 3*g + 5*k - 112, x*g - k - 88 = 0. Calculate the remainder when 90 is divided by g.
21
Suppose 0 = -16*a + 28*a - 1260. Calculate the remainder when a is divided by 12.
9
Suppose 4 - 19 = -5*k. Suppose 0 = -y + 51 - k. Suppose 2*g - 34 = s - 0, 0 = -4*s. What is the remainder when y is divided by g?
14
Let r(f) = -8*f + 36. Let b be r(-5). Let g = b + -70. What is the remainder when 29 is divided by g?
5
Let d = -339 - -362. Calculate the remainder when 61 is divided by d.
15
Let x = -2135 + 2750. Calculate the remainder when x is divided by 156.
147
Suppose 0 = -4*d + 3*z + 17, -7*d - 5*z + 25 = -3*d. Suppose 0*j - j = -m + 11, 4*m + d*j - 62 = 0. What is the remainder when 63 is divided by m?
11
Suppose -4*k + 6*k - 18 = 0. Suppose 5*w = -5*u - 5, 3*w + k = u - 10. Calculate the remainder when (-54)/(-4) + (-1)/(-2) is divided by u.
2
Let i = -71 + 75. Suppose m = -i*m + 3*q + 89, 0 = -q + 2. Suppose 4*g + 0*y - 4 = 4*y, 2*y = -4*g + 22. Calculate the remainder when m is divided by g.
3
Suppose -2*k + 190 = 3*i + 3*k, i + 4*k = 61. Calculate the remainder when 225 is divided by i.
30
Let h(p) = -p**3 + 13*p**2 + 42*p + 17. Calculate the remainder when h(14) is divided by 41.
40
Suppose 0 = 11*v + 595 - 2443. Calculate the remainder when v is divided by 22.
14
Suppose 0 = -4*d + t - 12, 3*t - 2*t = 5*d + 16. Suppose u - 156 = -3*u. Calculate the remainder when u is divided by (5/(-2))/(d/16).
9
Suppose 10205 + 3871 = 69*s. Calculate the remainder when s is divided by 52.
48
Suppose 5*q + 690 - 860 = 0. Calculate the remainder when 195 is divided by q.
25
Suppose -m - 13*m = -196. What is the remainder when 33 is divided by m?
5
Suppose -5*l - 3*s = -1175, -3*s - 50 = -5*l + 1095. Calculate the remainder when 181 is divided by 38/(-95) + l/5.
43
Suppose 5*j + 45 = -10. Let p(k) = 2*k - 7. Let r(l) = l + 1. Let i(o) = -p(o) - r(o). Calculate the remainder when i(j) is divided by 10.
9
Suppose 3*s = 4*d - 0*d - 13, s - d + 4 = 0. Suppose 95 + 16 = 3*m. What is the remainder when m is divided by (84/(-9) - s)/((-4)/12)?
18
Let b = 892 - 857. Calculate the remainder when 303 is divided by b.
23
Let c = 592 - 493. Let w(p) = -3*p + 10. What is the remainder when c is divided by w(-8)?
31
Suppose -446 = -5*t - 3*b, -78 = -t - 2*b + 7*b. Let j = t + -52. What is the remainder when j is divided by 13?
10
Suppose -5*f - 2*x - 3*x = 15, -9 = 3*x. Let y = f - -11. Calculate the remainder when 19 is divided by y.
8
Let h = 5 + -3. Calculate the remainder when (-20)/(-20)*20*h is divided by 6.
4
Let l = -26 - -35. Suppose -76 - l = -j. What is the remainder when j is divided by 18?
13
Let z = 218 + -209. Calculate the remainder when 116 is divided by z.
8
Suppose 0 = -5*c + 31 - 11. Suppose -r - 425 = -4*j, -5*j + 0*j + 547 = c*r. What is the remainder when j is divided by 10?
7
Let x = -127 + 296. Calculate the remainder when x is divided by 10.
9
Let i(f) = 5*f**2 + 14*f + 17. Calculate the remainder when 140 is divided by i(-4).
17
Suppose -12 = 4*p + 5*y, 0 = -2*p - 0*p + 3*y + 16. Suppose -28 = -13*u - 2. What is the remainder when u is divided by p?
0
Suppose 6*b + 166 = 268. What is the remainder when 26 is divided by b?
9
Suppose p = s - 54, s + 4*p = 62 + 12. What is the remainder when s is divided by 39?
19
Let a = 554 + -120. Calculate the remainder when a is divided by 87.
86
Suppose 25 = -4*q - 2*h - 3*h, 0 = -q + 3*h + 15. Let u(g) = 13 - 12 + q*g + g. Calculate the remainder when 44 is divided by u(8).
8
Let d(s) = 69*s**2 - 7*s - 7. What is the remainder when d(-1) is divided by 14?
13
Let n(k) = -2*k**3 - 3*k**2 + 5. What is the remainder when 12 is divided by n(-2)?
3
Suppose -3*f + 3*n = -2010, f - 2*n - n - 666 = 0. Suppose -18*v + 10*v = -f. What is the remainder when v is divided by 29?
26
Let k(c) = -c**2 + 7*c. Let g be (-8)/(-12)*(0 + 6). Suppose 7*f - g*q - 25 = 2*f, -3*f - 2*q + 15 = 0. What is the remainder when 29 is divided by k(f)?
9
Let s(x) = -2*x - 3. Suppose 56 = d - 5*f, 2*d - 5*f = 7*d - 190. Calculate the remainder when d is divided by s(-9).
11
Let z(v) = -20*v + 508. What is the remainder when z(16) is divided by 87?
14
Suppose -2*p - 372 = -d, -p + 0*p + 754 = 2*d. Calculate the remainder when d is divided by 74.
6
Suppose -4*r - 34 = -2*h - 3*h, -3 = 3*r. Suppose -h*c - 141 = -9*c. What is the remainder when c is divided by 10?
7
Suppose 5*k - 405 = 5*m, -3*k + 4*m + 245 = -m. Suppose -5*x - 2*c = -3*x - 52, -5*x + 5*c = -k. What is the remainder when 61 is divided by x?
19
Let w(r) = -85*r**3 - 14*r**2 - 13*r. What is the remainder when w(-1) is divided by 31?
22
Let u = -283 + 330. Calculate the remainder when u is divided by 12.
11
Calculate the remainder when (10*(-1)/(-4))/(6/132) is divided by 28.
27
Let u = -9 - -17. Let y = 22 - u. Suppose 0 = -g + 4 + y. Calculate the remainder when g is divided by 5.
3
Suppose -3*g + 4 = -2. Suppose 0 = -2*f + 2*t + g, 2*f - 